h a composite number?
False
Is (1748/8 - 3)/(10/340) a prime number?
False
Is 9436 - 106 - (-3)/((-3)/(-5)) a prime number?
False
Suppose -2*z + 4024 + 10216 = 0. Let h be 1 + (z*1)/2. Suppose 8*b - 4*b - 5*q = h, 4*b = -3*q + 3553. Is b a prime number?
False
Let f(q) = 1113*q**2 - q + 27. Let y be f(-5). Suppose -y = -3*a + 5*p, -3*p = 2*a - 5*a + 27861. Is a a prime number?
False
Is ((-95)/10)/(99414/19884 + -5) composite?
True
Let h(l) = 6051*l - 43. Is h(2) composite?
True
Let r = -4481 + 7636. Is r composite?
True
Let v = 4 + -6. Let x(g) = -2*g**2 + 1. Let n(r) = -r**2. Let s(l) = -4*n(l) - x(l). Is s(v) prime?
True
Let z be (6/5)/(1/5). Is 1546/6 + (-4)/z a prime number?
True
Suppose p + 0*n - 3*n = 25, -3*p - 4*n + 23 = 0. Suppose i - 16 = -p. Suppose i*d + 6 = 261. Is d a composite number?
True
Suppose 3*k = h + 35 + 2579, -2*k = -5*h - 13109. Let g = h + 5322. Is g prime?
True
Is (7 - (-27753)/18)*6 a composite number?
False
Suppose 5*b = -0*b, -165 = 3*d - b. Let m = d + 88. Is m a composite number?
True
Let q(a) = 93*a**2 + 4*a - 67. Is q(6) a composite number?
True
Let h = -8 + 11. Let s(n) = -4*n**3 - 10*n + 12. Let k(c) = -c**3 - c + 1. Let i(a) = h*k(a) - s(a). Is i(6) prime?
False
Is (-5517624)/(-147) - 2/(-14) a prime number?
False
Let m(d) = -46*d - 15. Suppose 0*c - 3*c + 4*b = 17, -c - 3*b - 10 = 0. Is m(c) prime?
True
Let i(k) = 380*k**3 - 2*k + 1. Is i(2) a composite number?
False
Let x(v) = 348*v**3 - 2*v**2 + 8*v - 37. Is x(5) composite?
True
Suppose -65*q + 81473 = -33512. Is q a composite number?
True
Let v be (-8)/3 - 90/(-54). Is (-2)/(v + (-1 - -4)) + 752 a prime number?
True
Suppose 3*v + b + 2*b + 267 = 0, -5 = -b. Is v/1*(7 + -8) prime?
False
Let u be (18/(-36))/((-1)/246). Let q = 2282 - u. Is q prime?
False
Let z be 1133*(3 - 1)/2. Let l = -576 + z. Is l a composite number?
False
Let z(s) be the first derivative of 5*s**4/8 - 3*s**3/2 - 2*s**2 - 2. Let o(v) be the second derivative of z(v). Is o(8) composite?
True
Suppose 2*h + h = 6. Let q = h - -6. Suppose -2*j + 5*k - q = -89, -4*k - 12 = 0. Is j composite?
True
Let b(w) = -10*w**3 - 5*w**2 - w + 19. Is b(-4) a composite number?
True
Suppose -18 = -4*z + 30. Let p = 12 - z. Suppose 5*v + 5*x - 42 = x, 3*x - 9 = p. Is v a composite number?
True
Suppose 8*v - 10*v = 390. Let r = v - -488. Is r a composite number?
False
Is 34794 + -5 + 10 - -8 a composite number?
False
Let t(h) = 4 + 4*h**2 - 6*h - 5*h**2 - h + 4*h. Let r be t(-3). Suppose 0 = -k - r*k + 1390. Is k composite?
True
Let u(p) = 218*p + 13. Let x be u(8). Suppose 0 = 7*o - 0*o - x. Is o a prime number?
True
Let g(j) = 57*j**2 - 2*j + 7. Suppose 3*x + x - 16 = 0. Is g(x) a composite number?
False
Let l(i) = -4*i - 31. Let m be l(-8). Is (1/m)/(-1) - -920 a composite number?
False
Let c = 17 - 5. Let g = 22 - c. Is g*4/((-16)/(-62)) composite?
True
Let r(v) be the first derivative of 111*v**4/2 + 5*v**3/3 + v**2/2 + v - 35. Is r(2) a prime number?
False
Let c(w) = 8*w - 3. Let l = 24 + -11. Suppose -z + 7 = p, p - l = -2*z - z. Is c(z) a prime number?
False
Suppose 82893 = -14*x + 17*x. Is x prime?
True
Suppose -5*p = l - 7, 0*l = 3*l + 3*p - 9. Suppose -4*r + 2503 = 5*j, 3*r - 2*r - 1000 = -l*j. Is j a composite number?
False
Let j(v) = -140*v - 4. Let m be j(18). Let d = 3625 + m. Is d a prime number?
False
Suppose -23*l + 351287 = -124744. Is l a composite number?
True
Let y(f) = 1344*f + 3. Let u be 12/(-8) - 5/4*-2. Is y(u) a composite number?
True
Is (-13298)/(-18) + (-34)/(-153) a prime number?
True
Let p = 27 + -66. Is (p/(-9) - 1)/(8/2004) a composite number?
True
Let q(z) = -z**3 - 2*z**2 - 13*z + 51. Is q(-11) a composite number?
False
Let q be (2300/30)/(2/66). Suppose 4*z - 10186 = -2*u, 5*u = z - 0*u - q. Suppose 3*f - z = -2*f. Is f composite?
False
Suppose -3*a = -a - 10. Let r(w) = -w + 2. Let c be r(a). Is 23/(c/(1 - 4)) composite?
False
Let i(h) = 3*h - 24. Let r be i(8). Is (r - -68)*355/20 a composite number?
True
Suppose 9*u = -2*u + 25531. Is u prime?
False
Let h(u) = 2499*u - 44. Is h(5) a prime number?
True
Suppose 1261 = -5*b - 459. Let j be (-3)/(-3)*3 - b. Suppose -134 = -3*v + 5*k + 118, -4*v + j = -3*k. Is v composite?
False
Suppose y - 4 + 1 = 0. Suppose 17 + y = 5*u. Suppose -u*p + 942 = -2*p. Is p a composite number?
True
Let d(h) = -h**3 + 4*h**2 - 6*h + 1. Let j be d(3). Let m(t) = 68*t + 20. Let l(w) = -23*w - 7. Let c(u) = -11*l(u) - 4*m(u). Is c(j) a composite number?
False
Suppose 1988 - 37070 = -18*g. Is g a prime number?
True
Let v = 14318 - 1623. Is v a prime number?
False
Suppose -4*n - 243 = -5*a + 934, -4*a + 2*n + 944 = 0. Suppose -a = -3*y + f, 0*y = y + 5*f - 79. Is y a prime number?
True
Suppose 0 = 2*w + w - 36. Suppose f + 3*f = -w. Is 22*((0 - f) + -2) composite?
True
Let r(t) = 2*t**2 + 1. Let o be r(-1). Suppose -3*g = d - 553, g - 2168 = -o*d - d. Is d composite?
False
Suppose f - 2*z = -4*z + 23, -4*z - 29 = -3*f. Let g be -5*(1 - 4611/f). Suppose 3*o = -o - 4*a + g, -o = -5*a - 359. Is o prime?
True
Let z(k) = -2*k**3 + 28*k**2 + 10. Let y be z(14). Let f(w) = 8*w**3 - 21*w**2 - 12*w - 1. Is f(y) a composite number?
False
Let o(k) be the second derivative of -131*k**3/3 + k**2/2 - 24*k. Is o(-1) a prime number?
True
Let d = 5324 - 3103. Is d a composite number?
False
Suppose 0 = i + i - 4. Suppose 3792 = i*f + k, -3 - 7 = -5*k. Is f prime?
False
Suppose 3*h - 3976 = -h. Suppose -6*r - r = -h. Is r a prime number?
False
Let n be 0 - ((-4 - -4) + -507). Let b = n + 20. Is b a composite number?
True
Suppose 59*y - 64*y = -72515. Is y a prime number?
True
Let y = 106 - 94. Is 3038/y + (38/12)/(-19) a composite number?
True
Let w = 37 - 32. Suppose -2*c + 3*h = h - 68, -174 = -w*c + h. Is c composite?
True
Let a(l) = 1538*l + 219. Is a(14) a prime number?
True
Let k(s) = 2*s + 527. Let d be k(0). Suppose -2*v + 4*u + 2794 = 0, -d = -v - 2*u + 874. Is v composite?
False
Let l(v) = v**3 - 8*v**2 + 6*v + 8. Let m be l(7). Let f be -46*m/4*-18. Suppose -2607 = -6*s + f. Is s prime?
False
Suppose -5*c - 71 = -16. Let u = 14 + c. Suppose -u*n + 226 + 653 = 0. Is n a composite number?
False
Suppose 4*h - d - 8 = 4*d, 4*h - 8 = -2*d. Suppose -h*v = -6*v - 24. Let c(w) = 4*w**2 - 2*w - 11. Is c(v) composite?
True
Let o be 266/57 + 1/3. Suppose o + 7 = d. Is (356/d)/(1/3) composite?
False
Suppose 3*m = 6*m - 5*i - 53564, 4*m + 2*i = 71462. Is m prime?
True
Let o be 1*(-2)/((-24)/20)*3. Suppose 4*k = t + t + 5436, 4*t = -o*k + 6821. Is k a composite number?
False
Let y(m) = 8*m**3 - 12*m**2 - 53*m - 22. Is y(17) prime?
True
Suppose -4*c = -3*y - 9208 + 42334, -4*y + 44161 = -3*c. Is y composite?
True
Let g be (-6)/(-10)*80/24. Suppose -3*b = -g*b - 391. Is b composite?
True
Let b(w) = 70*w**2 - 4*w + 3. Let y be b(2). Let g(q) = 2*q + 77. Let h be g(-33). Suppose 6*p = h*p - y. Is p a prime number?
False
Suppose 5*u + 4*i = -i + 2185, 5*u - 2193 = -i. Let o = -85 - -90. Suppose -4*d = -o*d + u. Is d a prime number?
True
Let u = -23 + 27. Is 3 + (0 + 212 - u) a composite number?
False
Suppose -19442 - 12108 = -10*h. Is h prime?
False
Let o = 4 + -2. Is ((-692)/(-6) + -5)/(o/6) composite?
False
Let f be 81/4 - 2/8. Suppose 0 = -d + 158 + f. Is d a prime number?
False
Let m(j) = -j**3 - 3*j**2 + 3*j - 6. Let t be m(-6). Suppose 0 = 13*l - 14*l + 3, 0 = -2*o + 4*l - 70. Let s = o + t. Is s prime?
False
Let u(z) = z**2 + 8*z + 15. Let d be u(-8). Let x be 6/(-10) - (-279)/d. Let b = x - 7. Is b prime?
True
Let f = 22961 - 13434. Is f a prime number?
False
Let s(n) be the second derivative of 19*n**7/210 + n**5/120 + 5*n**3/6 + 5*n. Let k(l) be the second derivative of s(l). Is k(1) prime?
False
Let x = 3723 + -1166. Is x prime?
True
Let h = 14 + -13. Let j be (0 + h)*(5 + 1). Is 1/((j/(-262))/(-3)) prime?
True
Let p = -1 - -132. Is p a composite number?
False
Let d be (0/(6/2))/(-4). Suppose d*q - 9942 = -6*q. Is q a prime number?
True
Let p be (-34916)/7 - (-1 + (-1)/1). Let b = -3451 - p. Is b a composite number?
True
Let t = -14 + 8. Let f(i) = i**3 + 5*i**2 - 8*i - 5. Let k be f(t). Suppose -k*r + 4*r = -261. Is r a composite number?
True
Suppose -2*u - 2*r + 2724 + 2720 = 0, 5*r = -4*u + 10888. Is u prime?
False
Suppose -17088 = 40*k - 42*k + 2*n, k - 4